te the remainder when 3443556 is divided by 229566.
66
Calculate the remainder when 137652 is divided by 2219.
74
Calculate the remainder when 35852 is divided by 919.
11
Calculate the remainder when 20124108 is divided by 18.
0
Calculate the remainder when 2019343 is divided by 3023.
3002
What is the remainder when 1420953 is divided by 4204?
1
Calculate the remainder when 2666423 is divided by 2627.
18
What is the remainder when 53669 is divided by 3210?
2309
What is the remainder when 2354107 is divided by 165?
52
Calculate the remainder when 35953 is divided by 90.
43
What is the remainder when 1145877216 is divided by 909?
906
Calculate the remainder when 18206 is divided by 822.
122
Calculate the remainder when 8206830 is divided by 2092.
2006
Calculate the remainder when 145542 is divided by 12576.
7206
Calculate the remainder when 2284343 is divided by 72.
71
Calculate the remainder when 264350 is divided by 43990.
410
Calculate the remainder when 618627 is divided by 38662.
35
Calculate the remainder when 10192765 is divided by 277.
273
Calculate the remainder when 12991451 is divided by 91489.
13
Calculate the remainder when 848489 is divided by 4821.
4814
Calculate the remainder when 37971 is divided by 5614.
4287
Calculate the remainder when 10771888 is divided by 73.
8
What is the remainder when 1026033 is divided by 11033?
10997
Calculate the remainder when 254414 is divided by 148.
2
What is the remainder when 10779453 is divided by 276?
273
Calculate the remainder when 18317 is divided by 168.
5
What is the remainder when 868511 is divided by 377?
280
What is the remainder when 519586 is divided by 10?
6
Calculate the remainder when 3353824 is divided by 351.
19
Calculate the remainder when 594550 is divided by 473.
462
Calculate the remainder when 2955866 is divided by 8303.
8301
What is the remainder when 538057513 is divided by 4255?
4253
Calculate the remainder when 37137039 is divided by 28.
23
What is the remainder when 23137 is divided by 90?
7
Calculate the remainder when 14575586 is divided by 714.
704
Calculate the remainder when 33276238 is divided by 54.
34
Calculate the remainder when 142699 is divided by 17720.
939
What is the remainder when 1503301 is divided by 185?
176
What is the remainder when 11467541 is divided by 49?
22
What is the remainder when 515456 is divided by 8448?
128
Calculate the remainder when 1552079 is divided by 23157.
560
Calculate the remainder when 5161888 is divided by 812.
4
Calculate the remainder when 70434 is divided by 2683.
676
What is the remainder when 98961 is divided by 454?
443
Calculate the remainder when 15778931 is divided by 101.
4
Calculate the remainder when 741186 is divided by 237.
87
What is the remainder when 864607 is divided by 13945?
17
Calculate the remainder when 2116927 is divided by 62.
61
What is the remainder when 22093 is divided by 885?
853
What is the remainder when 105262 is divided by 830?
682
What is the remainder when 121621 is divided by 38436?
6313
Calculate the remainder when 277934 is divided by 27662.
1314
What is the remainder when 43965882 is divided by 29?
26
Calculate the remainder when 1356 is divided by 320.
76
Calculate the remainder when 4749922 is divided by 1903.
34
Calculate the remainder when 347685082 is divided by 1643.
1637
What is the remainder when 16038340 is divided by 35483?
24
What is the remainder when 298026 is divided by 526?
310
Calculate the remainder when 1724018 is divided by 554.
524
Calculate the remainder when 65414 is divided by 214.
144
What is the remainder when 600705 is divided by 90?
45
What is the remainder when 50351 is divided by 1827?
1022
Calculate the remainder when 936786 is divided by 467623.
1540
What is the remainder when 7254475 is divided by 74?
33
Calculate the remainder when 555222 is divided by 185064.
30
What is the remainder when 9799 is divided by 9680?
119
Calculate the remainder when 27491415 is divided by 69.
21
What is the remainder when 2585015 is divided by 2585011?
4
What is the remainder when 4396362 is divided by 1708?
1678
What is the remainder when 6042281 is divided by 402812?
101
What is the remainder when 179723046 is divided by 34?
32
Calculate the remainder when 3231125 is divided by 2170.
2165
Calculate the remainder when 1117476 is divided by 17458.
164
What is the remainder when 6152061 is divided by 2785?
2781
What is the remainder when 1161279 is divided by 903?
21
Calculate the remainder when 76259423 is divided by 23060.
3
What is the remainder when 8512594 is divided by 3459?
3454
Calculate the remainder when 41684 is divided by 20075.
1534
Calculate the remainder when 21893108 is divided by 1933.
1883
Calculate the remainder when 32242968 is divided by 995.
988
What is the remainder when 683729 is divided by 7978?
5599
Calculate the remainder when 22490029 is divided by 213.
211
What is the remainder when 76713 is divided by 87?
66
What is the remainder when 251249 is divided by 3216?
401
What is the remainder when 122770345 is divided by 5697?
5692
Calculate the remainder when 352656687 is divided by 6352.
6351
What is the remainder when 7032602 is divided by 1406519?
7
What is the remainder when 11039 is divided by 70?
49
What is the remainder when 2089590 is divided by 298511?
13
What is the remainder when 4021470 is divided by 55085?
265
What is the remainder when 21735343 is divided by 313?
310
What is the remainder when 1959004 is divided by 90?
64
Calculate the remainder when 113482 is divided by 22689.
37
What is the remainder when 41818 is divided by 2676?
1678
What is the remainder when 40901 is divided by 1519?
1407
Calculate the remainder when 80187350 is divided by 1527.
1526
Calculate the remainder when 7394475 is divided by 308103.
3
Calculate the remainder when 7172066 is divided by 1480.
1466
Calculate the remainder when 10600511 is divided by 15.
11
Calculate the remainder when 3069767 is divided by 341038.
425
What is the remainder when 359545 is divided by 178825?
1895
What is the remainder when 59797424 is divided by 42?
8
Calculate the remainder when 47304593 is divided by 1960.
1953
Calculate the remainder when 7355768 is divided by 67484.
12
Calculate the remainder when 61269081 is divided by 61269045.
36
Calculate the remainder when 12985 is divided by 1115.
720
Calculate the remainder when 7284350 is divided by 1377.
20
What is the remainder when 3401894 is divided by 1759?
1747
What is the remainder when 58609 is divided by 11718?
19
What is the remainder when 714809 is divided by 777?
746
Calculate the remainder when 2067420 is divided by 12.
0
What is the remainder when 36242802 is divided by 30127?
21
Calculate the remainder when 73419 is divided by 103.
83
Calculate the remainder when 79429189 is divided by 3.
1
What is the remainder when 18782289 is divided by 1683?
9
Calculate the remainder when 39339 is divided by 1974.
1833
What is the remainder when 20341 is divided by 2880?
181
Calculate the remainder when 553660 is divided by 1497.
1267
Calculate the remainder when 398116 is divided by 494.
446
Calculate the remainder when 1639547 is divided by 234220.
7
What is the remainder when 24076393 is divided by 85987?
33
What is the remainder when 2774277 is divided by 107?
88
Calculate the remainder when 487020 is divided by 11441.
6498
What is the remainder when 325147 is divided by 12918?
2197
Calculate the remainder when 2119171 is divided by 1065.
886
What is the remainder when 43719847 is divided by 112?
87
Calculate the remainder when 26270220 is divided by 424.
28
Calculate the remainder when 2272532 is divided by 1512.
1508
Calculate the remainder when 343989213 is divided by 114663067.
12
Calculate the remainder when 7929990 is divided by 58.
56
What is the remainder when 561595 is divided by 40100?
195
Calculate the remainder when 123956549 is divided by 19.
17
Calculate the remainder when 1058444 is divided by 464.
60
What is the remainder when 33042 is divided by 521?
219
What is the remainder when 7824534 is divided by 7824522?
12
What is the remainder when 65163 is divided by 435?
348
What is the remainder when 80002 is divided by 12780?
3322
Calculate the remainder when 1415867 is divided by 409.
318
Calculate the rem